*w + a - 3073. Let b = w - 600. Calculate the greatest common divisor of 1215 and b.
15
Let p(d) = 147*d - 585. Let s be p(9). Calculate the greatest common divisor of 574 and s.
82
Let k(o) = -595*o**3 + 2*o**2 - 5*o - 8. Let t be k(-1). What is the highest common divisor of 330 and t?
66
Suppose 699 = 6*y + 4269. Let r = y + 673. Calculate the highest common divisor of r and 780.
78
Let c(x) = -x**2 + 17*x - 30. Let g(t) = t**2 - 9*t + 15. Let z(b) = 2*c(b) + 5*g(b). Let h be z(2). Calculate the highest common divisor of 80 and h.
5
Suppose -140*a + 137*a + 3*p + 975 = 0, -4*a + 5*p + 1298 = 0. Calculate the highest common divisor of a and 1417.
109
Suppose 10*t - 1273 = 1237. Let d = t - 247. Calculate the greatest common factor of 76 and d.
4
Let v(l) = -l**3 - 32*l**2 - 172*l + 149. Let i be v(-25). What is the greatest common factor of i and 98?
2
Suppose -20*z - 73 = -25*z + 4*x, 2*z = 5*x + 53. What is the greatest common divisor of 37 and z?
1
Suppose -24 = -4*n + 64. Let b be 124 - ((-8)/92 + (-280)/(-46)). Let m be 22/4*(b + -112). What is the highest common divisor of m and n?
11
Let u be (-10)/(3*(-4)/18). Let w = 36 + -31. Suppose -4*v + w*v = 120. Calculate the highest common divisor of u and v.
15
Let i be 252/66 + 10/55. Suppose i = -a + 3*x, -2*a + x + 17 = -0*a. Let j = -79 - -134. What is the highest common factor of a and j?
11
Let b be -4*(0 + (2 - (-325)/(-10))). Let k = b - 31. Calculate the highest common divisor of 13 and k.
13
Let r(t) = 37*t + 7478. Let w be r(-201). What is the highest common divisor of w and 62074?
41
Suppose -3*q + r + 81 = 4*r, q - 21 = 5*r. Let n be 0 + -1 + 2 - -12. What is the highest common divisor of n and q?
13
Suppose -332*l + 131 + 1634 - 105 = 0. Let y = -3 + 2. Let k be (-12 + 1 - y)/(-1). Calculate the greatest common divisor of k and l.
5
Let u be 9735 - 2 - 2 - (-429 + 426). What is the highest common divisor of 124 and u?
62
Let c be ((-3 - 261)*3/30)/(4/(-10)). Suppose -l + 825 = 4*l. Calculate the greatest common divisor of l and c.
33
Let b = 5877 - 5532. What is the greatest common factor of 15 and b?
15
Let c be (95/10)/19 + (-633)/(-6). What is the highest common divisor of 12720 and c?
106
Let b be (-322)/(-4) + (-24)/(-16). Let m(k) = 22*k - 86. Let z be m(4). What is the highest common factor of b and z?
2
Let p(m) = 556*m - 455. Let a be p(6). What is the highest common factor of 86 and a?
43
Suppose 55 = -5*u - 4*x - 226, -u + 5*x = 62. Let r = 22 + -94. Let v = u - r. Calculate the highest common factor of 6 and v.
3
Let o = -3 - -15. Let f(i) = i**3 - 3*i**2 - i + 10. Let h be f(2). Suppose 6 = -h*u + 54. Calculate the greatest common divisor of o and u.
12
Suppose -22*i + 485 + 131 = 0. What is the greatest common factor of i and 3976?
28
Let a = 314 + -158. What is the greatest common divisor of a and 36?
12
Let m(j) = 4*j**2 - 79*j - 11. Let h be m(21). Suppose -h = -4*v - i + 128, 4*i - 63 = -v. What is the highest common divisor of 88 and v?
11
Let j be ((-28)/(-98))/(6/2982). Calculate the greatest common divisor of j and 6177.
71
Suppose 0 = -626*f + 640*f - 10976. Calculate the highest common divisor of 2072 and f.
56
Let c(n) = 9*n + 52. Let b be c(-5). Suppose b*k = -2*k + 315. What is the highest common divisor of 5 and k?
5
Let z(l) = 2*l**2 - 4*l + 16. Let k(x) = -x**2 - 17*x + 52. Let u be k(-20). Let m be z(u). What is the greatest common factor of m and 396?
44
Let v be 5/((-25)/18)*20/(-12). Let p = 2 - 0. Suppose 3*h - p*r = 22, -2*h + 0*r + 20 = -4*r. Calculate the highest common factor of h and v.
6
Let k be -2*((-13330)/4 - 187/(-17)). What is the greatest common factor of 182 and k?
91
Let v be 47/6 + 2/12. Suppose 135 = v*h - 5*h. Let b be 622 - 559 - 3*1. Calculate the highest common divisor of b and h.
15
Suppose -p + 60 = 15. Let j = -42 + p. Suppose -47 + j = -11*f. Calculate the greatest common divisor of 12 and f.
4
Let v = 39960 + -38439. Calculate the greatest common factor of v and 1989.
117
Suppose -999 = -5*r + 2*c - c, 5 = 5*c. Let g = r - 154. What is the greatest common divisor of 161 and g?
23
Let x = -10797 - -12331. What is the highest common divisor of x and 531?
59
Let j(u) = -8*u + 16. Let a be j(9). Let b be a/(-35)*2*5. Let z be ((-6)/(-4))/(6/192). What is the highest common factor of b and z?
16
Suppose -5*f = 4*v - 3688, v + v + 3*f - 1842 = 0. Calculate the greatest common divisor of 153 and v.
9
Suppose -84*p + 37*p = -27*p - 6780. Calculate the greatest common divisor of p and 12.
3
Let a = -12 + 24. Suppose a*i - 363 = 2409. What is the highest common divisor of i and 297?
33
Let r(a) = 12*a - 11. Let k(y) = -46*y + 1 - 44*y + 89*y. Let h(v) = -36*k(v) - 4*r(v). Let x be h(-16). Calculate the greatest common factor of 25 and x.
25
Let p(o) = o. Let f be p(-4). Suppose z - 9 = 5*t + 1, -t = 4*z + 2. Let m = z - f. Calculate the highest common factor of m and 12.
4
Let f = -3106 - -3226. What is the highest common divisor of f and 384?
24
Suppose 3*i + 191 - 126 = 2*l, -4*i - 128 = -4*l. What is the highest common divisor of 7037 and l?
31
Let d = -3293 + 3384. Let v(o) be the second derivative of 4*o**3/3 - 3*o**2/2 - o. Let u be v(2). What is the highest common divisor of u and d?
13
Suppose 0 = u + 4*k + 759 - 842, 5*u + 3*k - 449 = 0. Calculate the highest common divisor of 15743 and u.
91
Let t = -5828 - -6132. Calculate the greatest common factor of t and 342.
38
Suppose -3*u - u = -2*j + 14, -4 = 4*j. Suppose 3*b = 2*q + 25, 5*b = -3*q - 0 + 10. Let f be q/5 + 17 + u. What is the greatest common factor of f and 60?
12
Let z(x) = x**2 - 42*x + 276. Let n be z(34). Let q be ((-52)/(-5) - n)*5. Calculate the greatest common divisor of q and 272.
16
Let i be (-2082)/13 + 16/104. Let l = i - -181. Calculate the highest common factor of l and 84.
21
Suppose -3*o + 4*u + 148 = 0, 2*o - 8*u = -3*u + 101. Suppose 0 = -3*w + 24 + o. Let x = -39 - -135. What is the greatest common factor of w and x?
24
Suppose -q = -4*k - 568, -4*q + 232 + 1960 = 4*k. What is the greatest common factor of q and 989?
23
Suppose -3*m = -t - 11, -3*m + 905 = -2*t + 898. Let b be ((-38)/8)/((-5)/100). What is the highest common factor of m and b?
5
Let l = 2584 + -1829. Let r = l - 430. What is the greatest common divisor of 25 and r?
25
Let s(a) = -30*a - 26 + 18 - 52 - 28. Let m be s(-4). What is the highest common divisor of 152 and m?
8
Suppose -16*t + 15*t + 20*t = 1729. Calculate the greatest common factor of t and 1417.
13
Let o(w) = -843*w - 2812. Let l be o(-5). Calculate the highest common factor of 345 and l.
23
Let n be (0 - 6/3)*-2. Suppose 7*u - 6*u - n = 0. Suppose -73 - 209 = -47*o. Calculate the highest common factor of o and u.
2
Let o be ((-8 - -4)/4 - -4) + 40/10. Suppose 1 + 19 = -5*v. Let a be 2 + (-2 - v - -3). What is the highest common divisor of a and o?
7
Suppose 5*f + 168 = t, t - 4*f + 1408 = 1578. Calculate the greatest common factor of t and 5785.
89
Suppose 28*c + 144 = 31*c. Let r = -41 + c. Calculate the highest common divisor of 5 and r.
1
Suppose -13*b - 15 + 54 = 0. Suppose 4*x + 5*u = 13, -x - b*u + 5 = x. Let c be 1/2*(-1 - -99). Calculate the highest common factor of c and x.
7
Let n be 1 + (12/3 - 2). Let y(q) = 4*q**2 + 5*q**2 + q**3 - 3*q**2 + n*q**2 - 13 - 3*q. Let v be y(-9). Calculate the greatest common divisor of 49 and v.
7
Let a = 2777 - -6412. Calculate the greatest common factor of 9 and a.
9
Suppose 0 = 4*z - 5*z + 80 + 658. Calculate the highest common divisor of z and 820.
82
Suppose -a = -4*o + 7 - 29, -5*a = o - 194. Let q = -26 - -53. Let j = q - 8. Calculate the highest common divisor of a and j.
19
Suppose -b + 40*w = 37*w + 23, 0 = 4*b + 3*w - 28. Calculate the highest common factor of b and 79.
1
Suppose -7*c - 8*c - 2*t = -117, 5*c - 3*t - 17 = 0. Let r(j) = 4 + 11*j + 0 - 3. Let y be r(5). What is the greatest common divisor of y and c?
7
Suppose 85*y + 9025 = 22508 + 10912. What is the highest common factor of y and 451?
41
Let n = -825 + 2123. Let k = 1919 - n. What is the greatest common divisor of 54 and k?
27
Let q(b) = b**2 - 6*b - 21. Let a = -65 - -74. Let u be q(a). Suppose -2*w - v = -21, 27 = -0*w + 2*w + 3*v. Calculate the highest common factor of u and w.
3
Let n 